{"id":294,"date":"2025-01-06T17:16:40","date_gmt":"2025-01-06T17:16:40","guid":{"rendered":"http:\/\/glyphenreiter.de\/?page_id=294"},"modified":"2025-01-12T19:23:07","modified_gmt":"2025-01-12T19:23:07","slug":"auftretende","status":"publish","type":"page","link":"https:\/\/glyphenreiter.de\/index.php\/auftretende\/","title":{"rendered":"Auftretende"},"content":{"rendered":"<p><em>Die Glyphenreiter treten in wechselnder Besetzung auf, je nach Verf\u00fcgbarkeit. Zum Kernteam geh\u00f6ren:<\/em><\/p>\n<h3>S\u00f6ren Comes<\/h3>\n<p><img loading=\"lazy\" decoding=\"async\" class=\"alignnone wp-image-306 size-medium\" src=\"http:\/\/glyphenreiter.de\/wp-content\/uploads\/2025\/01\/Die-Glyphenreiter-Soeren-Comes-300x200.jpg\" alt=\"\" width=\"300\" height=\"200\" srcset=\"https:\/\/glyphenreiter.de\/wp-content\/uploads\/2025\/01\/Die-Glyphenreiter-Soeren-Comes-300x200.jpg 300w, https:\/\/glyphenreiter.de\/wp-content\/uploads\/2025\/01\/Die-Glyphenreiter-Soeren-Comes-768x512.jpg 768w, https:\/\/glyphenreiter.de\/wp-content\/uploads\/2025\/01\/Die-Glyphenreiter-Soeren-Comes.jpg 850w\" sizes=\"auto, (max-width: 300px) 100vw, 300px\" \/><\/p>\n<p>S\u00f6ren Comes ist Grafiker, Hochschuldozent und Mitbegr\u00fcnder der Glyphenreiter.<br \/>\n<strong>Webseite:<\/strong> <a href=\"https:\/\/soerencomes.com\" target=\"_blank\" rel=\"noopener\">soerencomes.com<\/a><\/p>\n<h3>Brita Hempel<\/h3>\n<p><img loading=\"lazy\" decoding=\"async\" class=\"alignnone wp-image-304 size-medium\" src=\"http:\/\/glyphenreiter.de\/wp-content\/uploads\/2025\/01\/Die-Glyphenreiter-Brita-Hempel-300x200.jpg\" alt=\"\" width=\"300\" height=\"200\" srcset=\"https:\/\/glyphenreiter.de\/wp-content\/uploads\/2025\/01\/Die-Glyphenreiter-Brita-Hempel-300x200.jpg 300w, https:\/\/glyphenreiter.de\/wp-content\/uploads\/2025\/01\/Die-Glyphenreiter-Brita-Hempel-768x512.jpg 768w, https:\/\/glyphenreiter.de\/wp-content\/uploads\/2025\/01\/Die-Glyphenreiter-Brita-Hempel.jpg 850w\" sizes=\"auto, (max-width: 300px) 100vw, 300px\" \/><\/p>\n<p>Brita Hempel ist Lehrerin. Sie schreibt und liest gern und ist seit Beginn bei den Glyphenreitern dabei.<\/p>\n<h3>Arne Bicker<\/h3>\n<p><img loading=\"lazy\" decoding=\"async\" class=\"alignnone size-medium wp-image-303\" src=\"http:\/\/glyphenreiter.de\/wp-content\/uploads\/2025\/01\/Die-Glyphenreiter-Arne-Bicker-300x200.jpg\" alt=\"\" width=\"300\" height=\"200\" srcset=\"https:\/\/glyphenreiter.de\/wp-content\/uploads\/2025\/01\/Die-Glyphenreiter-Arne-Bicker-300x200.jpg 300w, https:\/\/glyphenreiter.de\/wp-content\/uploads\/2025\/01\/Die-Glyphenreiter-Arne-Bicker-768x512.jpg 768w, https:\/\/glyphenreiter.de\/wp-content\/uploads\/2025\/01\/Die-Glyphenreiter-Arne-Bicker.jpg 850w\" sizes=\"auto, (max-width: 300px) 100vw, 300px\" \/><\/p>\n<p>Arne Bicker ist freier Journalist in Freiburg und kommt geb\u00fcrtig aus dem Ruhrpott. Er moderiert die Radiosendung \u201e<a href=\"https:\/\/bluesclubradio.de\" target=\"_blank\" rel=\"noopener\">BLUESCLUBRADIO.de<\/a>\u201c bei Radio Dreyeckland 102,3. Nach diversen Poetry-Erfahrungen Ende der 90er ver\u00f6ffentlichte er 2016 das E-Book &#8222;<a href=\"https:\/\/www.amazon.de\/Darth-Vader-sucht-Vater-Polizeimeldungen-ebook\/dp\/B09TSVS2KF\/ref=sr_1_1?__mk_de_DE=\u00c5M\u00c5\u017d\u00d5\u00d1&amp;crid=U07KONLZ9FGK&amp;dib=eyJ2IjoiMSJ9.DpU0UNFZwrSG3RZ1VjDIe0O_OhKVrCisVzewg3Xp0TxRloZTbC2GrcCyueegm0uK09ZiaxeLu7jcJ8Ot0g5BSTI9aTpTGv29ko_Uy_fd2BcjdZkGzmrKdwFMbsSyn_mmqOqd_IL7SWv_bnyvc64yjvH3F88rUN9RxhdSlwae2Sw3wmp1gxnXfXNrGYZTQvsj8CBdw7lsR7X7Z3W2qmGpTBKxKY3WFchFBQn9G3eteUI.FBH84bb8wpqOT_ntXTAEcXtfBLdn-sDxnXqhT9xZECw&amp;dib_tag=se&amp;keywords=darth+vader+sucht+vater&amp;nsdOptOutParam=true&amp;qid=1736184959&amp;sprefix=darth+vader+sucht+vater%2Caps%2C93&amp;sr=8-1\" target=\"_blank\" rel=\"noopener\">Darth Vader sucht Vater<\/a>\u201c, 2021 den sehr humorvollen Urlaubsroman \u201e<a href=\"https:\/\/abicker.de\/index.php\/2023\/05\/19\/schraeglage\/\" target=\"_blank\" rel=\"noopener\">Schr\u00e4glage<\/a>\u201c und kurz darauf die Poetry-Textsammlung \u201e<a href=\"https:\/\/abicker.de\/index.php\/2023\/05\/18\/nofretetes-blues\/\" target=\"_blank\" rel=\"noopener\">Nofretetes Blues<\/a>\u201c. Arne Bicker ist Herausgeber des neuen Freiburger &#8222;<a href=\"https:\/\/kreativpioniere-freiburg.de\/schopf2-poetry-magazin\/\" target=\"_blank\" rel=\"noopener\">Schopf2 POETRY Magazins<\/a>&#8222;, arbeitet als Gagwriter f\u00fcr mehrere Radiosender, ist Mitbegr\u00fcnder der Leseb\u00fchne \u201eDie Glyphenreiter\u201c und der ersten Freiburger Buchmesse \u201e<a href=\"https:\/\/freibuch.de\" target=\"_blank\" rel=\"noopener\">freiBUCH<\/a>\u201c sowie Gewinner des <a href=\"https:\/\/www.youtube.com\/watch?v=DHWlxAOGcZg\" target=\"_blank\" rel=\"noopener\">Poetry-Wettberwerbs der Heinrich B\u00f6ll Stiftung <\/a>2024 zum Freiheitsbegriff.<br \/>\n<b>Webseite<\/b>:\u00a0<a title=\"http:\/\/www.abicker.de\" href=\"http:\/\/www.abicker.de\/\" target=\"_blank\" rel=\"noopener\">abicker.de<\/a><\/p>\n<h3><strong>Harry der Zeichner<\/strong><\/h3>\n<p><img loading=\"lazy\" decoding=\"async\" class=\"alignnone size-medium wp-image-305\" src=\"http:\/\/glyphenreiter.de\/wp-content\/uploads\/2025\/01\/Die-Glyphenreiter-Harry-der-Zeichner-300x200.jpg\" alt=\"\" width=\"300\" height=\"200\" srcset=\"https:\/\/glyphenreiter.de\/wp-content\/uploads\/2025\/01\/Die-Glyphenreiter-Harry-der-Zeichner-300x200.jpg 300w, https:\/\/glyphenreiter.de\/wp-content\/uploads\/2025\/01\/Die-Glyphenreiter-Harry-der-Zeichner-768x512.jpg 768w, https:\/\/glyphenreiter.de\/wp-content\/uploads\/2025\/01\/Die-Glyphenreiter-Harry-der-Zeichner.jpg 850w\" sizes=\"auto, (max-width: 300px) 100vw, 300px\" \/><\/p>\n<p>Harry der Zeichner ist ein s\u00fcdbadisches Unikat. Sofern er nicht gerade auf den sieben Weltmeeren Kreuzfahrtschiffer durch die Mangel dreht, gastiert er h\u00e4ufig und gern auch bei den Glyphenreitern. Er ist einer der schnellsten Zeichner unter der Sonne. Schneller als sein Schatten l\u00e4sst er seinen Stift \u00fcber das Papier gleiten und begeistert das Publikum: Rock &#8217;n&#8216; Roll &#8211;\u00a0 Harry zeichnet alles!<br \/>\n<strong>Webseite:<\/strong> <a href=\"https:\/\/harryderzeichner.de\" target=\"_blank\" rel=\"noopener\">harryderzeichner.de<\/a><\/p>\n<h3>Oliver Scheidies<\/h3>\n<p><img loading=\"lazy\" decoding=\"async\" class=\"alignnone size-medium wp-image-312\" src=\"http:\/\/glyphenreiter.de\/wp-content\/uploads\/2025\/01\/Die-Glyphenreiter-Oliver-Scheidies-300x200.jpg\" alt=\"\" width=\"300\" height=\"200\" srcset=\"https:\/\/glyphenreiter.de\/wp-content\/uploads\/2025\/01\/Die-Glyphenreiter-Oliver-Scheidies-300x200.jpg 300w, https:\/\/glyphenreiter.de\/wp-content\/uploads\/2025\/01\/Die-Glyphenreiter-Oliver-Scheidies-768x511.jpg 768w, https:\/\/glyphenreiter.de\/wp-content\/uploads\/2025\/01\/Die-Glyphenreiter-Oliver-Scheidies.jpg 850w\" sizes=\"auto, (max-width: 300px) 100vw, 300px\" \/><\/p>\n<p>Oliver Scheidies ist &#8222;Der Troubadour&#8220;. Neben seinen vielen musikalischen Projekten gastiert der Vollblutmusiker, sofern es die Zeit zul\u00e4sst, gern auch bei den Glyphenreitern und pr\u00e4sentiert Songs aus seinem neuen Album &#8222;Karussel&#8220;. Und er hat sogar versprochen, auch mal einen Text zu lesen. Wir sind gespannt!<br \/>\n<strong>Webseite:<\/strong> <a href=\"https:\/\/oliver-scheidies.de\" target=\"_blank\" rel=\"noopener\">oliver-scheidies.de<\/a><\/p>\n<p>&nbsp;<\/p>\n","protected":false},"excerpt":{"rendered":"<p>Die Glyphenreiter treten in wechselnder Besetzung auf, je nach Verf\u00fcgbarkeit. Zum Kernteam geh\u00f6ren: S\u00f6ren Comes S\u00f6ren Comes ist Grafiker, Hochschuldozent [&hellip;]<\/p>\n","protected":false},"author":1,"featured_media":0,"parent":0,"menu_order":0,"comment_status":"closed","ping_status":"closed","template":"","meta":{"site-sidebar-layout":"default","site-content-layout":"","ast-site-content-layout":"default","site-content-style":"default","site-sidebar-style":"default","ast-global-header-display":"","ast-banner-title-visibility":"","ast-main-header-display":"","ast-hfb-above-header-display":"","ast-hfb-below-header-display":"","ast-hfb-mobile-header-display":"","site-post-title":"","ast-breadcrumbs-content":"","ast-featured-img":"","footer-sml-layout":"","theme-transparent-header-meta":"default","adv-header-id-meta":"","stick-header-meta":"","header-above-stick-meta":"","header-main-stick-meta":"","header-below-stick-meta":"","astra-migrate-meta-layouts":"set","ast-page-background-enabled":"default","ast-page-background-meta":{"desktop":{"background-color":"var(--ast-global-color-5)","background-image":"","background-repeat":"repeat","background-position":"center center","background-size":"auto","background-attachment":"scroll","background-type":"","background-media":"","overlay-type":"","overlay-color":"","overlay-opacity":"","overlay-gradient":""},"tablet":{"background-color":"","background-image":"","background-repeat":"repeat","background-position":"center center","background-size":"auto","background-attachment":"scroll","background-type":"","background-media":"","overlay-type":"","overlay-color":"","overlay-opacity":"","overlay-gradient":""},"mobile":{"background-color":"","background-image":"","background-repeat":"repeat","background-position":"center center","background-size":"auto","background-attachment":"scroll","background-type":"","background-media":"","overlay-type":"","overlay-color":"","overlay-opacity":"","overlay-gradient":""}},"ast-content-background-meta":{"desktop":{"background-color":"var(--ast-global-color-4)","background-image":"","background-repeat":"repeat","background-position":"center center","background-size":"auto","background-attachment":"scroll","background-type":"","background-media":"","overlay-type":"","overlay-color":"","overlay-opacity":"","overlay-gradient":""},"tablet":{"background-color":"var(--ast-global-color-4)","background-image":"","background-repeat":"repeat","background-position":"center center","background-size":"auto","background-attachment":"scroll","background-type":"","background-media":"","overlay-type":"","overlay-color":"","overlay-opacity":"","overlay-gradient":""},"mobile":{"background-color":"var(--ast-global-color-4)","background-image":"","background-repeat":"repeat","background-position":"center center","background-size":"auto","background-attachment":"scroll","background-type":"","background-media":"","overlay-type":"","overlay-color":"","overlay-opacity":"","overlay-gradient":""}},"footnotes":""},"class_list":["post-294","page","type-page","status-publish","hentry"],"_links":{"self":[{"href":"https:\/\/glyphenreiter.de\/index.php\/wp-json\/wp\/v2\/pages\/294","targetHints":{"allow":["GET"]}}],"collection":[{"href":"https:\/\/glyphenreiter.de\/index.php\/wp-json\/wp\/v2\/pages"}],"about":[{"href":"https:\/\/glyphenreiter.de\/index.php\/wp-json\/wp\/v2\/types\/page"}],"author":[{"embeddable":true,"href":"https:\/\/glyphenreiter.de\/index.php\/wp-json\/wp\/v2\/users\/1"}],"replies":[{"embeddable":true,"href":"https:\/\/glyphenreiter.de\/index.php\/wp-json\/wp\/v2\/comments?post=294"}],"version-history":[{"count":19,"href":"https:\/\/glyphenreiter.de\/index.php\/wp-json\/wp\/v2\/pages\/294\/revisions"}],"predecessor-version":[{"id":363,"href":"https:\/\/glyphenreiter.de\/index.php\/wp-json\/wp\/v2\/pages\/294\/revisions\/363"}],"wp:attachment":[{"href":"https:\/\/glyphenreiter.de\/index.php\/wp-json\/wp\/v2\/media?parent=294"}],"curies":[{"name":"wp","href":"https:\/\/api.w.org\/{rel}","templated":true}]}}