{"id":3,"date":"2022-04-15T12:46:09","date_gmt":"2022-04-15T12:46:09","guid":{"rendered":"https:\/\/visionfreiburg.de\/?page_id=3"},"modified":"2022-08-27T15:07:34","modified_gmt":"2022-08-27T15:07:34","slug":"privacy-policy","status":"publish","type":"page","link":"https:\/\/glyphenreiter.de\/index.php\/privacy-policy\/","title":{"rendered":"Impressum"},"content":{"rendered":"\r\n<p>Betreiber dieser Seite, Webdesign und verantwortlich f\u00fcr den Inhalt:<\/p>\r\n<p>Arne Bicker \u2013 freier Journalist<\/p>\r\n<p>Bahnweg 4<\/p>\r\n<p>79115 Freiburg<\/p>\r\n<p>info (at) abicker (punkt) de<\/p>\r\n<p>&nbsp;<\/p>\r\n<p>&nbsp;<\/p>\r\n<p><strong>Erkl\u00e4rung<\/strong><\/p>\r\n<p>Diese Internet-Seite wurde erstellt und wird gewartet vom Presseb\u00fcro Arne Bicker, Freiburg. Alle auf dieser Homepage gezeigten Fotos und Texte unterliegen dem Urheberrecht. Kopie, Abdruck, Vervielf\u00e4ltigung und sonstige Nutzung nur mit schriftlicher Genehmigung des Presseb\u00fcro Arne Bicker.<\/p>\r\n<p>Die Inhalte dieser Homepage wurden mit gr\u00f6\u00dfter Sorgfalt erstellt. F\u00fcr die Richtigkeit, Vollst\u00e4ndigkeit und Aktualit\u00e4t der Inhalte k\u00f6nnen wir jedoch keine Gew\u00e4hr \u00fcbernehmen. Dies gilt besonders f\u00fcr Konzertank\u00fcndigungen, die zumeist auf Informationen Dritter beruhen. F\u00fcr fremde Inhalte bei Links zu externen Webseiten Dritter, auf deren Inhalte wir keinen Einfluss haben, k\u00f6nnen wir keine Gew\u00e4hr \u00fcbernehmen.<\/p>\r\n<p>F\u00fcr die Inhalte der verlinkten Seiten ist stets der jeweilige Anbieter oder Betreiber der Seiten verantwortlich. Eine permanente inhaltliche Kontrolle der verlinkten Seiten ist ohne konkrete Anhaltspunkte einer Rechtsverletzung nicht zumutbar. Bei Bekanntwerden von Rechtsverletzungen werden wir derartige Links umgehend entfernen.<\/p>\r\n","protected":false},"excerpt":{"rendered":"<p>Betreiber dieser Seite, Webdesign und verantwortlich f\u00fcr den Inhalt: Arne Bicker \u2013 freier Journalist Bahnweg 4 79115 Freiburg info (at) [&hellip;]<\/p>\n","protected":false},"author":1,"featured_media":0,"parent":0,"menu_order":0,"comment_status":"closed","ping_status":"open","template":"","meta":{"site-sidebar-layout":"default","site-content-layout":"","ast-site-content-layout":"","site-content-style":"default","site-sidebar-style":"default","ast-global-header-display":"","ast-banner-title-visibility":"","ast-main-header-display":"","ast-hfb-above-header-display":"","ast-hfb-below-header-display":"","ast-hfb-mobile-header-display":"","site-post-title":"","ast-breadcrumbs-content":"","ast-featured-img":"","footer-sml-layout":"","theme-transparent-header-meta":"","adv-header-id-meta":"","stick-header-meta":"","header-above-stick-meta":"","header-main-stick-meta":"","header-below-stick-meta":"","astra-migrate-meta-layouts":"default","ast-page-background-enabled":"default","ast-page-background-meta":{"desktop":{"background-color":"var(--ast-global-color-5)","background-image":"","background-repeat":"repeat","background-position":"center center","background-size":"auto","background-attachment":"scroll","background-type":"","background-media":"","overlay-type":"","overlay-color":"","overlay-opacity":"","overlay-gradient":""},"tablet":{"background-color":"","background-image":"","background-repeat":"repeat","background-position":"center center","background-size":"auto","background-attachment":"scroll","background-type":"","background-media":"","overlay-type":"","overlay-color":"","overlay-opacity":"","overlay-gradient":""},"mobile":{"background-color":"","background-image":"","background-repeat":"repeat","background-position":"center center","background-size":"auto","background-attachment":"scroll","background-type":"","background-media":"","overlay-type":"","overlay-color":"","overlay-opacity":"","overlay-gradient":""}},"ast-content-background-meta":{"desktop":{"background-color":"var(--ast-global-color-4)","background-image":"","background-repeat":"repeat","background-position":"center center","background-size":"auto","background-attachment":"scroll","background-type":"","background-media":"","overlay-type":"","overlay-color":"","overlay-opacity":"","overlay-gradient":""},"tablet":{"background-color":"var(--ast-global-color-4)","background-image":"","background-repeat":"repeat","background-position":"center center","background-size":"auto","background-attachment":"scroll","background-type":"","background-media":"","overlay-type":"","overlay-color":"","overlay-opacity":"","overlay-gradient":""},"mobile":{"background-color":"var(--ast-global-color-4)","background-image":"","background-repeat":"repeat","background-position":"center center","background-size":"auto","background-attachment":"scroll","background-type":"","background-media":"","overlay-type":"","overlay-color":"","overlay-opacity":"","overlay-gradient":""}},"footnotes":""},"class_list":["post-3","page","type-page","status-publish","hentry"],"_links":{"self":[{"href":"https:\/\/glyphenreiter.de\/index.php\/wp-json\/wp\/v2\/pages\/3","targetHints":{"allow":["GET"]}}],"collection":[{"href":"https:\/\/glyphenreiter.de\/index.php\/wp-json\/wp\/v2\/pages"}],"about":[{"href":"https:\/\/glyphenreiter.de\/index.php\/wp-json\/wp\/v2\/types\/page"}],"author":[{"embeddable":true,"href":"https:\/\/glyphenreiter.de\/index.php\/wp-json\/wp\/v2\/users\/1"}],"replies":[{"embeddable":true,"href":"https:\/\/glyphenreiter.de\/index.php\/wp-json\/wp\/v2\/comments?post=3"}],"version-history":[{"count":4,"href":"https:\/\/glyphenreiter.de\/index.php\/wp-json\/wp\/v2\/pages\/3\/revisions"}],"predecessor-version":[{"id":28,"href":"https:\/\/glyphenreiter.de\/index.php\/wp-json\/wp\/v2\/pages\/3\/revisions\/28"}],"wp:attachment":[{"href":"https:\/\/glyphenreiter.de\/index.php\/wp-json\/wp\/v2\/media?parent=3"}],"curies":[{"name":"wp","href":"https:\/\/api.w.org\/{rel}","templated":true}]}}